Suppose 171 = 3*o + 3*a, 4*a - 178 = -3*o - 6. Calculate the greatest common factor of t and o.
56
Suppose 0 = 3*b + 4*k - 248, -4*k - 86 = -b - 2*k. Suppose -4*g + 448 = -0*g. Calculate the greatest common divisor of g and b.
28
Let m(l) = -l**3 + l**2 + l. Let v(a) = 8*a**3 - 3*a**2 - a + 4. Let q(j) = -5*m(j) - v(j). Let g be q(-2). Calculate the greatest common factor of 6 and g.
2
Let c be (-10)/(-6)*69/115. Let w be 5*(5 - (3 + c)). Calculate the highest common divisor of 1 and w.
1
Suppose -2*t + 3*n + 63 = 0, 132 = 5*t + n - 0*n. Suppose -2*y + 9 - t = 0. Let u be (5 + y + -2)/(6/(-8)). What is the greatest common divisor of u and 4?
4
Let v be (-9)/((-675)/(-60))*-85. Suppose 4*l = 5*t + 71 - 3, 5*l = 5*t + 85. What is the greatest common divisor of v and l?
17
Suppose -5*y - 4*k = -1804, 0 = 4*y + 3*k - 1177 - 267. Suppose -y + 148 = -12*f. Calculate the greatest common factor of 30 and f.
6
Let k be (-6)/(-1)*3/6. Suppose -60 = -5*l + 5*h, -k*h = 2*l - 50 + 1. Suppose l*v = 20*v - 216. Calculate the greatest common factor of 9 and v.
9
Let j = 5164 + -5161. What is the highest common divisor of 6 and j?
3
Let g be (-12)/(-30)*20*-1 - (-5 - 14). What is the highest common factor of 8019 and g?
11
Let j be ((-24)/(-24))/(692/(-344) - -2)*-1. Calculate the highest common factor of 817 and j.
43
Let i = 10432 - 10426. Suppose o - 53 = a, 111 + 66 = 4*o + 3*a. What is the highest common divisor of o and i?
6
Let p = 23 - -425. Suppose -83*f = -99*f + p. What is the highest common factor of 658 and f?
14
Let i be 4/(6/4 + -1). Let c be ((-12)/5)/(1038/(-15570)). What is the greatest common divisor of i and c?
4
Let m(j) = -j**2 - 26*j + 1. Let p(t) = -3*t**3 - t + 3. Let x be p(2). Let w be m(x). Let q be -3 + 0 + 3 + w. What is the greatest common factor of q and 14?
14
Let l = 64634 - 64624. Let w(k) = k**3 + 8*k**2 + 7*k + 5. Let h be w(-5). What is the highest common divisor of l and h?
5
Let h(c) = 2*c**2 + 19*c - 918. Let l be h(18). What is the greatest common divisor of l and 198?
18
Let f(x) = 3*x**2 - 237*x + 160. Let z be f(79). What is the greatest common divisor of z and 820?
20
Suppose -4*n + 10*n = c - 4631, 0 = 5*c - n - 23010. Calculate the greatest common divisor of c and 43.
43
Let v = 2693 + -2632. What is the highest common divisor of 1830 and v?
61
Let t = 60 + -56. Let z = t - 1. Suppose 2*u - 78 = -z*u - 3*l, -4*l = 16. What is the greatest common divisor of 9 and u?
9
Let t be (192/28)/4*(86168/16 + -6). Calculate the greatest common factor of t and 159.
159
Suppose 3*c + 531 = 3*s - 336, 4*s - c = 1147. Calculate the highest common factor of 2 and s.
2
Let r = -30188 + 40543. What is the greatest common factor of 218 and r?
109
Let o be (-923)/(-7) - 21/(-7 + -140). Calculate the highest common factor of 324 and o.
12
Let o = -2438 - -2470. Calculate the highest common factor of 496 and o.
16
Suppose 0 = 5*t - 19 - 66. Suppose 4 - t = 13*s. Let w(o) = -37*o**3 - 2*o**2 - o - 1. Let a be w(s). Calculate the greatest common factor of 14 and a.
7
Suppose q + 5*q - 42 = 0. Let u(o) = -8*o - 11. Let t be u(11). Let v = -71 - t. What is the greatest common divisor of q and v?
7
Let b be ((-9)/(-6))/((-3)/(-92)). Let k(d) = -d**3 - 2*d**2 + 141*d + 20. Let w be k(-13). What is the highest common divisor of b and w?
46
Suppose f - 55 = -3*y + 18, -3*f - 2*y = -240. Suppose 4*i = -9*i + 6929. What is the highest common factor of i and f?
41
Suppose -18 = 18*l + 36. Let i be (-30)/(-1 - (l + 4)). Calculate the highest common factor of i and 170.
5
Let q(a) = 4341*a - 647. Let h be q(3). What is the highest common divisor of 4 and h?
4
Let o be ((-56)/(-10))/(14/105). Suppose 10*r + o = 12*r. Let c = -1 + r. Calculate the highest common divisor of c and 15.
5
Let o be ((-308)/(-2))/(4 - (-18)/(-6)). Let h(f) = f**3 - 6*f**2 - 3. Let m be h(5). Let y = m - -42. What is the highest common divisor of o and y?
14
Let j = -3422 + 3494. Calculate the highest common factor of j and 2556.
36
Let r be (2/14)/((-5)/(-3325)). Calculate the highest common divisor of r and 14155.
95
Suppose 140*y = -166 - 30 + 756. Calculate the highest common divisor of y and 1928.
4
Let l(n) = -81*n**2 + 135*n**2 + 68*n**2. Let v be l(2). Calculate the greatest common divisor of 61 and v.
61
Suppose 5*g = 5*y + 3 + 7, 2 = -g + 5*y. Suppose -g*c + 40 = 16. What is the greatest common divisor of c and 3?
1
Let i(b) = 94*b**2 - 3*b. Let h be i(2). Let n be 28 - 5/15*-27. Calculate the greatest common factor of h and n.
37
Let n be ((-6285)/(-90) + 1/6)*2. Calculate the greatest common factor of n and 260.
20
Let s = 854 - 209. Suppose -s - 447 = -13*u. Calculate the greatest common factor of u and 98.
14
Let q = 682 + -619. Suppose 6*o = 2*o + 2016. Calculate the greatest common divisor of o and q.
63
Let t(s) = s**3 - 15*s**2 - 27*s + 222. Let r be t(16). What is the greatest common divisor of r and 11431?
23
Let k = 98 - 58. Let a = 29 + -26. Suppose a*v + p - 3*p = 40, v = 5*p + 35. What is the highest common divisor of v and k?
10
Suppose 2*b + 104 = 2*q, q - 5*b - 1 = 51. What is the highest common divisor of 44 and q?
4
Let b be -8 + 5 + (-1)/(5/(-495)). Suppose 847 = 5*a - f, -67 = -a - 3*f + b. What is the highest common factor of 26 and a?
13
Suppose 5*o - 472 + 152 = 0. Suppose 3*z + 58 - o = 0. Suppose -z*b = -2*w, -3*w - b - b = -5. Calculate the greatest common divisor of 9 and w.
1
Suppose 2*v = 3*w - 54 - 51, 0 = 4*w - v - 135. Let b = w - -75. Suppose -4*k - 48 = -4*u + b, -51 = -u + 5*k. What is the highest common factor of u and 12?
12
Let d(l) = -l - 19. Let z be d(13). Let s = -17 - z. Let y be 4/(-26) - (-240)/39. Calculate the greatest common divisor of y and s.
3
Suppose 8*g - 64*g = -9*g - 5170. What is the greatest common divisor of 13585 and g?
55
Let c be 9 - 14 - -11 - (-330 + 0). What is the greatest common factor of c and 240?
48
Let m(s) = -9*s**3 - 21*s**2 + 9*s + 47. Let b be m(-5). What is the greatest common factor of 28 and b?
14
Let u = 1276 + -1268. Calculate the greatest common divisor of u and 38.
2
Let k = 33600 + -20750. What is the highest common divisor of k and 50?
50
Suppose -29167 = -257*h - 10780 + 48690. What is the greatest common factor of 1537 and h?
29
Let w be 82/410 - 41098/(-10). Calculate the highest common factor of w and 60.
30
Suppose 14028*l + 1554 = 14031*l - 3*m, -8 = 4*m. What is the greatest common factor of l and 1505?
43
Let o be -9 + (13 + -3 - -161). What is the greatest common divisor of o and 288?
18
Let y = 256 + -243. Suppose -8*f + 4*f + 104 = 0. Let w be (-6 + -2)/((-4)/f). Calculate the greatest common factor of y and w.
13
Suppose 5843*l - 5813*l = 270. What is the greatest common factor of l and 75?
3
Suppose 3*m - 22*n - 10846 = -24*n, -5*m + 18040 = -4*n. What is the greatest common divisor of m and 387?
129
Let x(u) = 1400*u**2 - 41*u + 37. Let q be x(1). Calculate the highest common divisor of 4 and q.
4
Let z be 98 - ((-6)/18)/(1/6). Suppose 0 = -0*o - 6*o + 306. Let u = 91 - o. What is the highest common divisor of u and z?
20
Let w be 29/((-4)/28*-7). Suppose 0 = 3*s + 5*k - 89, 0 = s - 2*s - k + w. Calculate the greatest common factor of s and 16.
4
Suppose -56*r - 16 = -52*r. Let o be 32 - (4 - (r + 4)). What is the highest common divisor of 98 and o?
14
Let t(k) = 10*k**2 + 4*k - 1. Let h(c) = -c**2 - 7*c - 2. Let w be h(-6). Suppose j - w = -0. Let f be t(j). Calculate the greatest common factor of f and 35.
35
Suppose -41*t + 38*t = k - 317, 0 = -4*t - 2*k + 426. Calculate the highest common factor of 24 and t.
8
Let f(q) = -70*q - 3. Let v be f(-3). Let z = -2430 + 2453. Calculate the greatest common divisor of v and z.
23
Suppose -2*p = -8, -2*p - 615 - 79 = -3*g. Calculate the greatest common factor of 52 and g.
26
Suppose 2*n - 3*f - 519 = -2*f, -3*n + f = -781. Suppose -2*s + 74 + n = 0. Suppose 0 = 18*p - 11*p - s. Calculate the greatest common factor of 3 and p.
3
Let g be (-93)/(-21)*146 + 18/42. Suppose -g = -3*q - 188. Suppose -c + 6*c + 26 = 3*a, -a + 3*c + 2 = 0. What is the greatest common divisor of a and q?
17
Suppose 2*i = -0*i. Let r be i/2 - (-1 + -7). Let k(c) = -859*c + 11168. Let n be k(13). Calculate the greatest common factor of r and n.
